{"id":2844,"date":"2025-04-14T15:47:59","date_gmt":"2025-04-14T13:47:59","guid":{"rendered":"https:\/\/urbanproof.nl\/assortiment\/non%20class\u00e9\/urban-proof-sac-a-dos-cargo-noir\/"},"modified":"2025-12-03T12:45:16","modified_gmt":"2025-12-03T10:45:16","slug":"urban-proof-sac-a-dos-cargo-noir","status":"publish","type":"product","link":"https:\/\/urbanproof.nl\/fr\/product\/urban-proof-sac-a-dos-cargo-noir\/","title":{"rendered":"URBAN PROOF Panier \u00e0 v\u00e9lo Cargo"},"content":{"rendered":"<p>Fini le sac \u00e0 dos ennuyeux, optez pour le sac \u00e0 dos Cargo. Ce Panier \u00e0 v\u00e9lo moderne a non seulement un look authentique, mais il est aussi super confortable avec son rembourrage dorsal. Et pour les cyclistes parmi nous : le sac est facile \u00e0 attacher \u00e0 votre V\u00e9lo, de sorte que vous n&rsquo;avez pas \u00e0 porter le poids vous-m\u00eame. Gr\u00e2ce \u00e0 la poche frontale verrouillable, vous n&rsquo;aurez plus jamais \u00e0 chercher vos cl\u00e9s, et gr\u00e2ce \u00e0 la poche zipp\u00e9e cach\u00e9e \u00e0 l&rsquo;arri\u00e8re, vous n&rsquo;aurez plus jamais \u00e0 surveiller votre portefeuille.\u201d   <\/p>\n<p>\u201cC&rsquo;est le sac de tous les voyageurs verts qui recherchent du style et de l&rsquo;espace pour leurs affaires. De plus, il est fabriqu\u00e9 \u00e0 partir de 47 bouteilles PET recycl\u00e9es (500ML), ce qui vous permet de contribuer \u00e0 l&rsquo;am\u00e9lioration de la plan\u00e8te. Optez pour le style et la responsabilit\u00e9 sociale avec le sac \u00e0 dos Cargo.\u201d<\/p>\n","protected":false},"excerpt":{"rendered":"<p>&#8211; Crochets \u00e0 v\u00e9lo r\u00e9glables<br \/>\n&#8211; Convient aux v\u00e9los \u00e9lectriques<br \/>\n&#8211; Syst\u00e8me de fixation universel<br \/>\n&#8211; R\u00e9sistant \u00e0 l&rsquo;eau<br \/>\n&#8211; Compartiment pour ordinateur portable 17&Prime; doubl\u00e9<br \/>\n&#8211; Compartiment avant facile d&rsquo;acc\u00e8s<br \/>\n&#8211; Reflet sur les sangles de fermeture<br \/>\n&#8211; Poche arri\u00e8re zipp\u00e9e dissimul\u00e9e<br \/>\n&#8211; Housse de protection contre la pluie pour le rembourrage arri\u00e8re<\/p>\n","protected":false},"featured_media":1492,"template":"","meta":[],"product_brand":[],"product_cat":[341,344],"product_tag":[751],"class_list":{"0":"post-2844","1":"product","2":"type-product","3":"status-publish","4":"has-post-thumbnail","6":"product_cat-sacoches","7":"product_cat-sacoches-simples","8":"product_tag-sacs-a-dos-pour-velo-de-la-collection-core","9":"pa_afmetinglbh-34cm-x-13cm-x-46cm-fr","10":"pa_collectie-collection-de-base","11":"pa_e-bike-ready-oui","12":"pa_gewicht-1460-grammes","13":"pa_inhoud-20-litres","14":"pa_kleur-noir","15":"pa_materiaal-bisonyl-recycle","16":"pa_reflectie-oui","17":"pa_type-product-sacoche-simple","18":"pa_volume-20l-fr","19":"pa_waterbestendig-oui","21":"first","22":"instock","23":"taxable","24":"shipping-taxable","25":"purchasable","26":"product-type-simple"},"yoast_head":"<!-- This site is optimized with the Yoast SEO plugin v27.1.1 - https:\/\/yoast.com\/product\/yoast-seo-wordpress\/ -->\n<title>URBAN PROOF Panier \u00e0 v\u00e9lo Cargo - Urban Proof<\/title>\n<meta name=\"robots\" content=\"index, follow, max-snippet:-1, max-image-preview:large, max-video-preview:-1\" \/>\n<link rel=\"canonical\" href=\"https:\/\/urbanproof.nl\/fr\/product\/urban-proof-sac-a-dos-cargo-noir\/\" \/>\n<meta property=\"og:locale\" content=\"fr_FR\" \/>\n<meta property=\"og:type\" content=\"article\" \/>\n<meta property=\"og:title\" content=\"URBAN PROOF Panier \u00e0 v\u00e9lo Cargo - Urban Proof\" \/>\n<meta property=\"og:description\" content=\"- Crochets \u00e0 v\u00e9lo r\u00e9glables - Convient aux v\u00e9los \u00e9lectriques - Syst\u00e8me de fixation universel - R\u00e9sistant \u00e0 l&#039;eau - Compartiment pour ordinateur portable 17&quot; doubl\u00e9 - Compartiment avant facile d&#039;acc\u00e8s - Reflet sur les sangles de fermeture - Poche arri\u00e8re zipp\u00e9e dissimul\u00e9e - Housse de protection contre la pluie pour le rembourrage arri\u00e8re\" \/>\n<meta property=\"og:url\" content=\"https:\/\/urbanproof.nl\/fr\/product\/urban-proof-sac-a-dos-cargo-noir\/\" \/>\n<meta property=\"og:site_name\" content=\"Urban Proof\" \/>\n<meta property=\"article:modified_time\" content=\"2025-12-03T10:45:16+00:00\" \/>\n<meta property=\"og:image\" content=\"https:\/\/urbanproof.nl\/wp-content\/uploads\/2025\/04\/400720UP_1.jpg\" \/>\n\t<meta property=\"og:image:width\" content=\"2047\" \/>\n\t<meta property=\"og:image:height\" content=\"2047\" \/>\n\t<meta property=\"og:image:type\" content=\"image\/jpeg\" \/>\n<meta name=\"twitter:card\" content=\"summary_large_image\" \/>\n<meta name=\"twitter:label1\" content=\"Dur\u00e9e de lecture estim\u00e9e\" \/>\n\t<meta name=\"twitter:data1\" content=\"1 minute\" \/>\n<script type=\"application\/ld+json\" class=\"yoast-schema-graph\">{\"@context\":\"https:\/\/schema.org\",\"@graph\":[{\"@type\":\"WebPage\",\"@id\":\"https:\/\/urbanproof.nl\/fr\/product\/urban-proof-sac-a-dos-cargo-noir\/\",\"url\":\"https:\/\/urbanproof.nl\/fr\/product\/urban-proof-sac-a-dos-cargo-noir\/\",\"name\":\"URBAN PROOF Panier \u00e0 v\u00e9lo Cargo - Urban Proof\",\"isPartOf\":{\"@id\":\"https:\/\/urbanproof.nl\/fr\/#website\"},\"primaryImageOfPage\":{\"@id\":\"https:\/\/urbanproof.nl\/fr\/product\/urban-proof-sac-a-dos-cargo-noir\/#primaryimage\"},\"image\":{\"@id\":\"https:\/\/urbanproof.nl\/fr\/product\/urban-proof-sac-a-dos-cargo-noir\/#primaryimage\"},\"thumbnailUrl\":\"https:\/\/urbanproof.nl\/wp-content\/uploads\/2025\/04\/400720UP_1.jpg\",\"datePublished\":\"2025-04-14T13:47:59+00:00\",\"dateModified\":\"2025-12-03T10:45:16+00:00\",\"breadcrumb\":{\"@id\":\"https:\/\/urbanproof.nl\/fr\/product\/urban-proof-sac-a-dos-cargo-noir\/#breadcrumb\"},\"inLanguage\":\"fr-FR\",\"potentialAction\":[{\"@type\":\"ReadAction\",\"target\":[\"https:\/\/urbanproof.nl\/fr\/product\/urban-proof-sac-a-dos-cargo-noir\/\"]}]},{\"@type\":\"ImageObject\",\"inLanguage\":\"fr-FR\",\"@id\":\"https:\/\/urbanproof.nl\/fr\/product\/urban-proof-sac-a-dos-cargo-noir\/#primaryimage\",\"url\":\"https:\/\/urbanproof.nl\/wp-content\/uploads\/2025\/04\/400720UP_1.jpg\",\"contentUrl\":\"https:\/\/urbanproof.nl\/wp-content\/uploads\/2025\/04\/400720UP_1.jpg\",\"width\":2047,\"height\":2047},{\"@type\":\"BreadcrumbList\",\"@id\":\"https:\/\/urbanproof.nl\/fr\/product\/urban-proof-sac-a-dos-cargo-noir\/#breadcrumb\",\"itemListElement\":[{\"@type\":\"ListItem\",\"position\":1,\"name\":\"Accueil\",\"item\":\"https:\/\/urbanproof.nl\/fr\/\"},{\"@type\":\"ListItem\",\"position\":2,\"name\":\"Collection\",\"item\":\"https:\/\/urbanproof.nl\/assortiment\/\"},{\"@type\":\"ListItem\",\"position\":3,\"name\":\"URBAN PROOF Panier \u00e0 v\u00e9lo Cargo\"}]},{\"@type\":\"WebSite\",\"@id\":\"https:\/\/urbanproof.nl\/fr\/#website\",\"url\":\"https:\/\/urbanproof.nl\/fr\/\",\"name\":\"Urban Proof\",\"description\":\"La durabilit\u00e9 en mouvement\",\"publisher\":{\"@id\":\"https:\/\/urbanproof.nl\/fr\/#organization\"},\"potentialAction\":[{\"@type\":\"SearchAction\",\"target\":{\"@type\":\"EntryPoint\",\"urlTemplate\":\"https:\/\/urbanproof.nl\/fr\/?s={search_term_string}\"},\"query-input\":{\"@type\":\"PropertyValueSpecification\",\"valueRequired\":true,\"valueName\":\"search_term_string\"}}],\"inLanguage\":\"fr-FR\"},{\"@type\":\"Organization\",\"@id\":\"https:\/\/urbanproof.nl\/fr\/#organization\",\"name\":\"Urban Proof\",\"url\":\"https:\/\/urbanproof.nl\/fr\/\",\"logo\":{\"@type\":\"ImageObject\",\"inLanguage\":\"fr-FR\",\"@id\":\"https:\/\/urbanproof.nl\/fr\/#\/schema\/logo\/image\/\",\"url\":\"https:\/\/urbanproof.nl\/wp-content\/uploads\/2025\/04\/UBP_Logo_2022_ZWART.svg\",\"contentUrl\":\"https:\/\/urbanproof.nl\/wp-content\/uploads\/2025\/04\/UBP_Logo_2022_ZWART.svg\",\"caption\":\"Urban Proof\"},\"image\":{\"@id\":\"https:\/\/urbanproof.nl\/fr\/#\/schema\/logo\/image\/\"},\"sameAs\":[\"https:\/\/www.instagram.com\/urbanproof_sustainable\/\",\"https:\/\/www.linkedin.com\/company\/urban-proof\"]}]}<\/script>\n<!-- \/ Yoast SEO plugin. -->","yoast_head_json":{"title":"URBAN PROOF Panier \u00e0 v\u00e9lo Cargo - Urban Proof","robots":{"index":"index","follow":"follow","max-snippet":"max-snippet:-1","max-image-preview":"max-image-preview:large","max-video-preview":"max-video-preview:-1"},"canonical":"https:\/\/urbanproof.nl\/fr\/product\/urban-proof-sac-a-dos-cargo-noir\/","og_locale":"fr_FR","og_type":"article","og_title":"URBAN PROOF Panier \u00e0 v\u00e9lo Cargo - Urban Proof","og_description":"- Crochets \u00e0 v\u00e9lo r\u00e9glables - Convient aux v\u00e9los \u00e9lectriques - Syst\u00e8me de fixation universel - R\u00e9sistant \u00e0 l'eau - Compartiment pour ordinateur portable 17\" doubl\u00e9 - Compartiment avant facile d'acc\u00e8s - Reflet sur les sangles de fermeture - Poche arri\u00e8re zipp\u00e9e dissimul\u00e9e - Housse de protection contre la pluie pour le rembourrage arri\u00e8re","og_url":"https:\/\/urbanproof.nl\/fr\/product\/urban-proof-sac-a-dos-cargo-noir\/","og_site_name":"Urban Proof","article_modified_time":"2025-12-03T10:45:16+00:00","og_image":[{"width":2047,"height":2047,"url":"https:\/\/urbanproof.nl\/wp-content\/uploads\/2025\/04\/400720UP_1.jpg","type":"image\/jpeg"}],"twitter_card":"summary_large_image","twitter_misc":{"Dur\u00e9e de lecture estim\u00e9e":"1 minute"},"schema":{"@context":"https:\/\/schema.org","@graph":[{"@type":"WebPage","@id":"https:\/\/urbanproof.nl\/fr\/product\/urban-proof-sac-a-dos-cargo-noir\/","url":"https:\/\/urbanproof.nl\/fr\/product\/urban-proof-sac-a-dos-cargo-noir\/","name":"URBAN PROOF Panier \u00e0 v\u00e9lo Cargo - Urban Proof","isPartOf":{"@id":"https:\/\/urbanproof.nl\/fr\/#website"},"primaryImageOfPage":{"@id":"https:\/\/urbanproof.nl\/fr\/product\/urban-proof-sac-a-dos-cargo-noir\/#primaryimage"},"image":{"@id":"https:\/\/urbanproof.nl\/fr\/product\/urban-proof-sac-a-dos-cargo-noir\/#primaryimage"},"thumbnailUrl":"https:\/\/urbanproof.nl\/wp-content\/uploads\/2025\/04\/400720UP_1.jpg","datePublished":"2025-04-14T13:47:59+00:00","dateModified":"2025-12-03T10:45:16+00:00","breadcrumb":{"@id":"https:\/\/urbanproof.nl\/fr\/product\/urban-proof-sac-a-dos-cargo-noir\/#breadcrumb"},"inLanguage":"fr-FR","potentialAction":[{"@type":"ReadAction","target":["https:\/\/urbanproof.nl\/fr\/product\/urban-proof-sac-a-dos-cargo-noir\/"]}]},{"@type":"ImageObject","inLanguage":"fr-FR","@id":"https:\/\/urbanproof.nl\/fr\/product\/urban-proof-sac-a-dos-cargo-noir\/#primaryimage","url":"https:\/\/urbanproof.nl\/wp-content\/uploads\/2025\/04\/400720UP_1.jpg","contentUrl":"https:\/\/urbanproof.nl\/wp-content\/uploads\/2025\/04\/400720UP_1.jpg","width":2047,"height":2047},{"@type":"BreadcrumbList","@id":"https:\/\/urbanproof.nl\/fr\/product\/urban-proof-sac-a-dos-cargo-noir\/#breadcrumb","itemListElement":[{"@type":"ListItem","position":1,"name":"Accueil","item":"https:\/\/urbanproof.nl\/fr\/"},{"@type":"ListItem","position":2,"name":"Collection","item":"https:\/\/urbanproof.nl\/assortiment\/"},{"@type":"ListItem","position":3,"name":"URBAN PROOF Panier \u00e0 v\u00e9lo Cargo"}]},{"@type":"WebSite","@id":"https:\/\/urbanproof.nl\/fr\/#website","url":"https:\/\/urbanproof.nl\/fr\/","name":"Urban Proof","description":"La durabilit\u00e9 en mouvement","publisher":{"@id":"https:\/\/urbanproof.nl\/fr\/#organization"},"potentialAction":[{"@type":"SearchAction","target":{"@type":"EntryPoint","urlTemplate":"https:\/\/urbanproof.nl\/fr\/?s={search_term_string}"},"query-input":{"@type":"PropertyValueSpecification","valueRequired":true,"valueName":"search_term_string"}}],"inLanguage":"fr-FR"},{"@type":"Organization","@id":"https:\/\/urbanproof.nl\/fr\/#organization","name":"Urban Proof","url":"https:\/\/urbanproof.nl\/fr\/","logo":{"@type":"ImageObject","inLanguage":"fr-FR","@id":"https:\/\/urbanproof.nl\/fr\/#\/schema\/logo\/image\/","url":"https:\/\/urbanproof.nl\/wp-content\/uploads\/2025\/04\/UBP_Logo_2022_ZWART.svg","contentUrl":"https:\/\/urbanproof.nl\/wp-content\/uploads\/2025\/04\/UBP_Logo_2022_ZWART.svg","caption":"Urban Proof"},"image":{"@id":"https:\/\/urbanproof.nl\/fr\/#\/schema\/logo\/image\/"},"sameAs":["https:\/\/www.instagram.com\/urbanproof_sustainable\/","https:\/\/www.linkedin.com\/company\/urban-proof"]}]}},"_links":{"self":[{"href":"https:\/\/urbanproof.nl\/fr\/wp-json\/wp\/v2\/product\/2844","targetHints":{"allow":["GET"]}}],"collection":[{"href":"https:\/\/urbanproof.nl\/fr\/wp-json\/wp\/v2\/product"}],"about":[{"href":"https:\/\/urbanproof.nl\/fr\/wp-json\/wp\/v2\/types\/product"}],"version-history":[{"count":1,"href":"https:\/\/urbanproof.nl\/fr\/wp-json\/wp\/v2\/product\/2844\/revisions"}],"predecessor-version":[{"id":7083,"href":"https:\/\/urbanproof.nl\/fr\/wp-json\/wp\/v2\/product\/2844\/revisions\/7083"}],"wp:featuredmedia":[{"embeddable":true,"href":"https:\/\/urbanproof.nl\/fr\/wp-json\/wp\/v2\/media\/1492"}],"wp:attachment":[{"href":"https:\/\/urbanproof.nl\/fr\/wp-json\/wp\/v2\/media?parent=2844"}],"wp:term":[{"taxonomy":"product_brand","embeddable":true,"href":"https:\/\/urbanproof.nl\/fr\/wp-json\/wp\/v2\/product_brand?post=2844"},{"taxonomy":"product_cat","embeddable":true,"href":"https:\/\/urbanproof.nl\/fr\/wp-json\/wp\/v2\/product_cat?post=2844"},{"taxonomy":"product_tag","embeddable":true,"href":"https:\/\/urbanproof.nl\/fr\/wp-json\/wp\/v2\/product_tag?post=2844"}],"curies":[{"name":"wp","href":"https:\/\/api.w.org\/{rel}","templated":true}]}}

https://urbanproof.nl/assortiment/non%20classé/urban-proof-sac-a-dos-cargo-noir/

URBAN PROOF Panier à vélo Cargo

<p>Fini le sac à dos ennuyeux, optez pour le sac à dos Cargo. Ce Panier à vélo moderne a non seulement un look authentique, mais il est aussi super confortable avec son rembourrage dorsal. Et pour les cyclistes parmi nous : le sac est facile à attacher à votre Vélo, de sorte que vous n&rsquo;avez pas à porter le poids vous-même. Grâce à la poche frontale verrouillable, vous n&rsquo;aurez plus jamais à chercher vos clés, et grâce à la poche zippée cachée à l&rsquo;arrière, vous n&rsquo;aurez plus jamais à surveiller votre portefeuille.”   </p>
<p>“C&rsquo;est le sac de tous les voyageurs verts qui recherchent du style et de l&rsquo;espace pour leurs affaires. De plus, il est fabriqué à partir de 47 bouteilles PET recyclées (500ML), ce qui vous permet de contribuer à l&rsquo;amélioration de la planète. Optez pour le style et la responsabilité sociale avec le sac à dos Cargo.”</p>

<p>&#8211; Crochets à vélo réglables<br />
&#8211; Convient aux vélos électriques<br />
&#8211; Système de fixation universel<br />
&#8211; Résistant à l&rsquo;eau<br />
&#8211; Compartiment pour ordinateur portable 17&Prime; doublé<br />
&#8211; Compartiment avant facile d&rsquo;accès<br />
&#8211; Reflet sur les sangles de fermeture<br />
&#8211; Poche arrière zippée dissimulée<br />
&#8211; Housse de protection contre la pluie pour le rembourrage arrière</p>

<!-- This site is optimized with the Yoast SEO plugin v27.1.1 - https://yoast.com/product/yoast-seo-wordpress/ -->
<title>URBAN PROOF Panier à vélo Cargo - Urban Proof</title>
<meta name="robots" content="index, follow, max-snippet:-1, max-image-preview:large, max-video-preview:-1" />
<link rel="canonical" href="https://urbanproof.nl/fr/product/urban-proof-sac-a-dos-cargo-noir/" />
<meta property="og:locale" content="fr_FR" />
<meta property="og:type" content="article" />
<meta property="og:title" content="URBAN PROOF Panier à vélo Cargo - Urban Proof" />
<meta property="og:description" content="- Crochets à vélo réglables - Convient aux vélos électriques - Système de fixation universel - Résistant à l&#039;eau - Compartiment pour ordinateur portable 17&quot; doublé - Compartiment avant facile d&#039;accès - Reflet sur les sangles de fermeture - Poche arrière zippée dissimulée - Housse de protection contre la pluie pour le rembourrage arrière" />
<meta property="og:url" content="https://urbanproof.nl/fr/product/urban-proof-sac-a-dos-cargo-noir/" />
<meta property="og:site_name" content="Urban Proof" />
<meta property="article:modified_time" content="2025-12-03T10:45:16+00:00" />
<meta property="og:image" content="https://urbanproof.nl/wp-content/uploads/2025/04/400720UP_1.jpg" />
	<meta property="og:image:width" content="2047" />
	<meta property="og:image:height" content="2047" />
	<meta property="og:image:type" content="image/jpeg" />
<meta name="twitter:card" content="summary_large_image" />
<meta name="twitter:label1" content="Durée de lecture estimée" />
	<meta name="twitter:data1" content="1 minute" />
<script type="application/ld+json" class="yoast-schema-graph">{"@context":"https://schema.org","@graph":[{"@type":"WebPage","@id":"https://urbanproof.nl/fr/product/urban-proof-sac-a-dos-cargo-noir/","url":"https://urbanproof.nl/fr/product/urban-proof-sac-a-dos-cargo-noir/","name":"URBAN PROOF Panier à vélo Cargo - Urban Proof","isPartOf":{"@id":"https://urbanproof.nl/fr/#website"},"primaryImageOfPage":{"@id":"https://urbanproof.nl/fr/product/urban-proof-sac-a-dos-cargo-noir/#primaryimage"},"image":{"@id":"https://urbanproof.nl/fr/product/urban-proof-sac-a-dos-cargo-noir/#primaryimage"},"thumbnailUrl":"https://urbanproof.nl/wp-content/uploads/2025/04/400720UP_1.jpg","datePublished":"2025-04-14T13:47:59+00:00","dateModified":"2025-12-03T10:45:16+00:00","breadcrumb":{"@id":"https://urbanproof.nl/fr/product/urban-proof-sac-a-dos-cargo-noir/#breadcrumb"},"inLanguage":"fr-FR","potentialAction":[{"@type":"ReadAction","target":["https://urbanproof.nl/fr/product/urban-proof-sac-a-dos-cargo-noir/"]}]},{"@type":"ImageObject","inLanguage":"fr-FR","@id":"https://urbanproof.nl/fr/product/urban-proof-sac-a-dos-cargo-noir/#primaryimage","url":"https://urbanproof.nl/wp-content/uploads/2025/04/400720UP_1.jpg","contentUrl":"https://urbanproof.nl/wp-content/uploads/2025/04/400720UP_1.jpg","width":2047,"height":2047},{"@type":"BreadcrumbList","@id":"https://urbanproof.nl/fr/product/urban-proof-sac-a-dos-cargo-noir/#breadcrumb","itemListElement":[{"@type":"ListItem","position":1,"name":"Accueil","item":"https://urbanproof.nl/fr/"},{"@type":"ListItem","position":2,"name":"Collection","item":"https://urbanproof.nl/assortiment/"},{"@type":"ListItem","position":3,"name":"URBAN PROOF Panier à vélo Cargo"}]},{"@type":"WebSite","@id":"https://urbanproof.nl/fr/#website","url":"https://urbanproof.nl/fr/","name":"Urban Proof","description":"La durabilité en mouvement","publisher":{"@id":"https://urbanproof.nl/fr/#organization"},"potentialAction":[{"@type":"SearchAction","target":{"@type":"EntryPoint","urlTemplate":"https://urbanproof.nl/fr/?s={search_term_string}"},"query-input":{"@type":"PropertyValueSpecification","valueRequired":true,"valueName":"search_term_string"}}],"inLanguage":"fr-FR"},{"@type":"Organization","@id":"https://urbanproof.nl/fr/#organization","name":"Urban Proof","url":"https://urbanproof.nl/fr/","logo":{"@type":"ImageObject","inLanguage":"fr-FR","@id":"https://urbanproof.nl/fr/#/schema/logo/image/","url":"https://urbanproof.nl/wp-content/uploads/2025/04/UBP_Logo_2022_ZWART.svg","contentUrl":"https://urbanproof.nl/wp-content/uploads/2025/04/UBP_Logo_2022_ZWART.svg","caption":"Urban Proof"},"image":{"@id":"https://urbanproof.nl/fr/#/schema/logo/image/"},"sameAs":["https://www.instagram.com/urbanproof_sustainable/","https://www.linkedin.com/company/urban-proof"]}]}</script>
<!-- / Yoast SEO plugin. -->

URBAN PROOF Panier à vélo Cargo - Urban Proof

- Crochets à vélo réglables - Convient aux vélos électriques - Système de fixation universel - Résistant à l'eau - Compartiment pour ordinateur portable 17" doublé - Compartiment avant facile d'accès - Reflet sur les sangles de fermeture - Poche arrière zippée dissimulée - Housse de protection contre la pluie pour le rembourrage arrière

La durabilité en mouvement
