{"id":3016,"date":"2025-04-14T15:48:05","date_gmt":"2025-04-14T13:48:05","guid":{"rendered":"https:\/\/urbanproof.nl\/assortiment\/unkategorisiert\/urban-proof-double-cargo-fahrradtasche-braun\/"},"modified":"2025-12-03T12:41:27","modified_gmt":"2025-12-03T10:41:27","slug":"urban-proof-double-cargo-fahrradtasche-braun","status":"publish","type":"product","link":"https:\/\/urbanproof.nl\/de\/product\/urban-proof-double-cargo-fahrradtasche-braun\/","title":{"rendered":"URBAN PROOF Doppelte Cargo Fahrradtasche"},"content":{"rendered":"<p>Die Double Cargo Bag ist mehr als nur eine Fahrradtasche. Sie ist eine moderne und stilvolle Volumenl\u00f6sung mit einem authentischen Look. Warum sollten Sie sich mit zus\u00e4tzlichem Gewicht belasten, wenn Sie sie einfach an Ihrem Fahrrad befestigen k\u00f6nnen? Die gro\u00dfe Vordertasche bietet schnellen Zugriff auf Ihre wichtigsten Utensilien, w\u00e4hrend der Schnallenverschluss daf\u00fcr sorgt, dass alles sicher verstaut bleibt.   <\/p>\n<p>Diese Tasche ist f\u00fcr alle gedacht, die nach einer stilvollen und praktischen M\u00f6glichkeit suchen, zu pendeln, ohne dabei Kompromisse beim Design einzugehen. Au\u00dferdem besteht die Tasche aus 62 recycelten PET-Flaschen (500 ml), so dass Sie den Planeten besser sch\u00fctzen k\u00f6nnen, ohne auf etwas verzichten zu m\u00fcssen. Machen Sie sich mit der Double Cargo Bag auf den Weg und zeigen Sie, dass Funktionalit\u00e4t und Design Hand in Hand gehen k\u00f6nnen.  <\/p>\n","protected":false},"excerpt":{"rendered":"<p>  &#8211; Geeignet f\u00fcr E-Bikes<br \/>\n &#8211; Universelles Gep\u00e4cktr\u00e4ger-Befestigungssystem<br \/>\n &#8211; Wasserabweisend<br \/>\n &#8211; Leicht zug\u00e4ngliche Vordertasche<br \/>\n &#8211; Reflexion auf der R\u00fcckseite<\/p>\n","protected":false},"featured_media":4132,"template":"","meta":[],"product_brand":[],"product_cat":[522,507],"product_tag":[662],"class_list":{"0":"post-3016","1":"product","2":"type-product","3":"status-publish","4":"has-post-thumbnail","6":"product_cat-doppelte-gepacktaschen","7":"product_cat-rucksacke","8":"product_tag-core-kollektion-von-doppelten-fahrradtaschen","9":"pa_afmetinglbh-30cm-x-15cm-x-42cm-de","10":"pa_collectie-kern-kollektion","11":"pa_e-bike-ready-ja-de","12":"pa_gewicht-1760-gramm","13":"pa_inhoud-38-liter-de","14":"pa_kleur-braun","15":"pa_materiaal-recyceltes-bisonyl","16":"pa_reflectie-ja-de","17":"pa_type-product-doppelte-fahrradtasche","18":"pa_volume-38l-de","19":"pa_waterbestendig-ja-de","21":"first","22":"instock","23":"taxable","24":"shipping-taxable","25":"purchasable","26":"product-type-simple"},"yoast_head":"<!-- This site is optimized with the Yoast SEO plugin v27.1.1 - https:\/\/yoast.com\/product\/yoast-seo-wordpress\/ -->\n<title>URBAN PROOF Doppelte Cargo Fahrradtasche - Urban Proof<\/title>\n<meta name=\"robots\" content=\"index, follow, max-snippet:-1, max-image-preview:large, max-video-preview:-1\" \/>\n<link rel=\"canonical\" href=\"https:\/\/urbanproof.nl\/de\/product\/urban-proof-double-cargo-fahrradtasche-braun\/\" \/>\n<meta property=\"og:locale\" content=\"de_DE\" \/>\n<meta property=\"og:type\" content=\"article\" \/>\n<meta property=\"og:title\" content=\"URBAN PROOF Doppelte Cargo Fahrradtasche - Urban Proof\" \/>\n<meta property=\"og:description\" content=\"- Geeignet f\u00fcr E-Bikes - Universelles Gep\u00e4cktr\u00e4ger-Befestigungssystem - Wasserabweisend - Leicht zug\u00e4ngliche Vordertasche - Reflexion auf der R\u00fcckseite\" \/>\n<meta property=\"og:url\" content=\"https:\/\/urbanproof.nl\/de\/product\/urban-proof-double-cargo-fahrradtasche-braun\/\" \/>\n<meta property=\"og:site_name\" content=\"Urban Proof\" \/>\n<meta property=\"article:modified_time\" content=\"2025-12-03T10:41:27+00:00\" \/>\n<meta property=\"og:image\" content=\"https:\/\/urbanproof.nl\/wp-content\/uploads\/2025\/04\/400725UP_1.jpg\" \/>\n\t<meta property=\"og:image:width\" content=\"2047\" \/>\n\t<meta property=\"og:image:height\" content=\"2047\" \/>\n\t<meta property=\"og:image:type\" content=\"image\/jpeg\" \/>\n<meta name=\"twitter:card\" content=\"summary_large_image\" \/>\n<meta name=\"twitter:label1\" content=\"Gesch\u00e4tzte Lesezeit\" \/>\n\t<meta name=\"twitter:data1\" content=\"1\u00a0Minute\" \/>\n<script type=\"application\/ld+json\" class=\"yoast-schema-graph\">{\"@context\":\"https:\/\/schema.org\",\"@graph\":[{\"@type\":\"WebPage\",\"@id\":\"https:\/\/urbanproof.nl\/de\/product\/urban-proof-double-cargo-fahrradtasche-braun\/\",\"url\":\"https:\/\/urbanproof.nl\/de\/product\/urban-proof-double-cargo-fahrradtasche-braun\/\",\"name\":\"URBAN PROOF Doppelte Cargo Fahrradtasche - Urban Proof\",\"isPartOf\":{\"@id\":\"https:\/\/urbanproof.nl\/de\/#website\"},\"primaryImageOfPage\":{\"@id\":\"https:\/\/urbanproof.nl\/de\/product\/urban-proof-double-cargo-fahrradtasche-braun\/#primaryimage\"},\"image\":{\"@id\":\"https:\/\/urbanproof.nl\/de\/product\/urban-proof-double-cargo-fahrradtasche-braun\/#primaryimage\"},\"thumbnailUrl\":\"https:\/\/urbanproof.nl\/wp-content\/uploads\/2025\/04\/400725UP_1.jpg\",\"datePublished\":\"2025-04-14T13:48:05+00:00\",\"dateModified\":\"2025-12-03T10:41:27+00:00\",\"breadcrumb\":{\"@id\":\"https:\/\/urbanproof.nl\/de\/product\/urban-proof-double-cargo-fahrradtasche-braun\/#breadcrumb\"},\"inLanguage\":\"de\",\"potentialAction\":[{\"@type\":\"ReadAction\",\"target\":[\"https:\/\/urbanproof.nl\/de\/product\/urban-proof-double-cargo-fahrradtasche-braun\/\"]}]},{\"@type\":\"ImageObject\",\"inLanguage\":\"de\",\"@id\":\"https:\/\/urbanproof.nl\/de\/product\/urban-proof-double-cargo-fahrradtasche-braun\/#primaryimage\",\"url\":\"https:\/\/urbanproof.nl\/wp-content\/uploads\/2025\/04\/400725UP_1.jpg\",\"contentUrl\":\"https:\/\/urbanproof.nl\/wp-content\/uploads\/2025\/04\/400725UP_1.jpg\",\"width\":2047,\"height\":2047},{\"@type\":\"BreadcrumbList\",\"@id\":\"https:\/\/urbanproof.nl\/de\/product\/urban-proof-double-cargo-fahrradtasche-braun\/#breadcrumb\",\"itemListElement\":[{\"@type\":\"ListItem\",\"position\":1,\"name\":\"Startseite\",\"item\":\"https:\/\/urbanproof.nl\/de\/\"},{\"@type\":\"ListItem\",\"position\":2,\"name\":\"Produktpalette\",\"item\":\"https:\/\/urbanproof.nl\/de\/shop\/\"},{\"@type\":\"ListItem\",\"position\":3,\"name\":\"URBAN PROOF Doppelte Cargo Fahrradtasche\"}]},{\"@type\":\"WebSite\",\"@id\":\"https:\/\/urbanproof.nl\/de\/#website\",\"url\":\"https:\/\/urbanproof.nl\/de\/\",\"name\":\"Urban Proof\",\"description\":\"Sustainability in Motion\",\"publisher\":{\"@id\":\"https:\/\/urbanproof.nl\/de\/#organization\"},\"potentialAction\":[{\"@type\":\"SearchAction\",\"target\":{\"@type\":\"EntryPoint\",\"urlTemplate\":\"https:\/\/urbanproof.nl\/de\/?s={search_term_string}\"},\"query-input\":{\"@type\":\"PropertyValueSpecification\",\"valueRequired\":true,\"valueName\":\"search_term_string\"}}],\"inLanguage\":\"de\"},{\"@type\":\"Organization\",\"@id\":\"https:\/\/urbanproof.nl\/de\/#organization\",\"name\":\"Urban Proof\",\"url\":\"https:\/\/urbanproof.nl\/de\/\",\"logo\":{\"@type\":\"ImageObject\",\"inLanguage\":\"de\",\"@id\":\"https:\/\/urbanproof.nl\/de\/#\/schema\/logo\/image\/\",\"url\":\"https:\/\/urbanproof.nl\/wp-content\/uploads\/2025\/04\/UBP_Logo_2022_ZWART.svg\",\"contentUrl\":\"https:\/\/urbanproof.nl\/wp-content\/uploads\/2025\/04\/UBP_Logo_2022_ZWART.svg\",\"caption\":\"Urban Proof\"},\"image\":{\"@id\":\"https:\/\/urbanproof.nl\/de\/#\/schema\/logo\/image\/\"},\"sameAs\":[\"https:\/\/www.instagram.com\/urbanproof_sustainable\/\",\"https:\/\/www.linkedin.com\/company\/urban-proof\"]}]}<\/script>\n<!-- \/ Yoast SEO plugin. -->","yoast_head_json":{"title":"URBAN PROOF Doppelte Cargo Fahrradtasche - Urban Proof","robots":{"index":"index","follow":"follow","max-snippet":"max-snippet:-1","max-image-preview":"max-image-preview:large","max-video-preview":"max-video-preview:-1"},"canonical":"https:\/\/urbanproof.nl\/de\/product\/urban-proof-double-cargo-fahrradtasche-braun\/","og_locale":"de_DE","og_type":"article","og_title":"URBAN PROOF Doppelte Cargo Fahrradtasche - Urban Proof","og_description":"- Geeignet f\u00fcr E-Bikes - Universelles Gep\u00e4cktr\u00e4ger-Befestigungssystem - Wasserabweisend - Leicht zug\u00e4ngliche Vordertasche - Reflexion auf der R\u00fcckseite","og_url":"https:\/\/urbanproof.nl\/de\/product\/urban-proof-double-cargo-fahrradtasche-braun\/","og_site_name":"Urban Proof","article_modified_time":"2025-12-03T10:41:27+00:00","og_image":[{"width":2047,"height":2047,"url":"https:\/\/urbanproof.nl\/wp-content\/uploads\/2025\/04\/400725UP_1.jpg","type":"image\/jpeg"}],"twitter_card":"summary_large_image","twitter_misc":{"Gesch\u00e4tzte Lesezeit":"1\u00a0Minute"},"schema":{"@context":"https:\/\/schema.org","@graph":[{"@type":"WebPage","@id":"https:\/\/urbanproof.nl\/de\/product\/urban-proof-double-cargo-fahrradtasche-braun\/","url":"https:\/\/urbanproof.nl\/de\/product\/urban-proof-double-cargo-fahrradtasche-braun\/","name":"URBAN PROOF Doppelte Cargo Fahrradtasche - Urban Proof","isPartOf":{"@id":"https:\/\/urbanproof.nl\/de\/#website"},"primaryImageOfPage":{"@id":"https:\/\/urbanproof.nl\/de\/product\/urban-proof-double-cargo-fahrradtasche-braun\/#primaryimage"},"image":{"@id":"https:\/\/urbanproof.nl\/de\/product\/urban-proof-double-cargo-fahrradtasche-braun\/#primaryimage"},"thumbnailUrl":"https:\/\/urbanproof.nl\/wp-content\/uploads\/2025\/04\/400725UP_1.jpg","datePublished":"2025-04-14T13:48:05+00:00","dateModified":"2025-12-03T10:41:27+00:00","breadcrumb":{"@id":"https:\/\/urbanproof.nl\/de\/product\/urban-proof-double-cargo-fahrradtasche-braun\/#breadcrumb"},"inLanguage":"de","potentialAction":[{"@type":"ReadAction","target":["https:\/\/urbanproof.nl\/de\/product\/urban-proof-double-cargo-fahrradtasche-braun\/"]}]},{"@type":"ImageObject","inLanguage":"de","@id":"https:\/\/urbanproof.nl\/de\/product\/urban-proof-double-cargo-fahrradtasche-braun\/#primaryimage","url":"https:\/\/urbanproof.nl\/wp-content\/uploads\/2025\/04\/400725UP_1.jpg","contentUrl":"https:\/\/urbanproof.nl\/wp-content\/uploads\/2025\/04\/400725UP_1.jpg","width":2047,"height":2047},{"@type":"BreadcrumbList","@id":"https:\/\/urbanproof.nl\/de\/product\/urban-proof-double-cargo-fahrradtasche-braun\/#breadcrumb","itemListElement":[{"@type":"ListItem","position":1,"name":"Startseite","item":"https:\/\/urbanproof.nl\/de\/"},{"@type":"ListItem","position":2,"name":"Produktpalette","item":"https:\/\/urbanproof.nl\/de\/shop\/"},{"@type":"ListItem","position":3,"name":"URBAN PROOF Doppelte Cargo Fahrradtasche"}]},{"@type":"WebSite","@id":"https:\/\/urbanproof.nl\/de\/#website","url":"https:\/\/urbanproof.nl\/de\/","name":"Urban Proof","description":"Sustainability in Motion","publisher":{"@id":"https:\/\/urbanproof.nl\/de\/#organization"},"potentialAction":[{"@type":"SearchAction","target":{"@type":"EntryPoint","urlTemplate":"https:\/\/urbanproof.nl\/de\/?s={search_term_string}"},"query-input":{"@type":"PropertyValueSpecification","valueRequired":true,"valueName":"search_term_string"}}],"inLanguage":"de"},{"@type":"Organization","@id":"https:\/\/urbanproof.nl\/de\/#organization","name":"Urban Proof","url":"https:\/\/urbanproof.nl\/de\/","logo":{"@type":"ImageObject","inLanguage":"de","@id":"https:\/\/urbanproof.nl\/de\/#\/schema\/logo\/image\/","url":"https:\/\/urbanproof.nl\/wp-content\/uploads\/2025\/04\/UBP_Logo_2022_ZWART.svg","contentUrl":"https:\/\/urbanproof.nl\/wp-content\/uploads\/2025\/04\/UBP_Logo_2022_ZWART.svg","caption":"Urban Proof"},"image":{"@id":"https:\/\/urbanproof.nl\/de\/#\/schema\/logo\/image\/"},"sameAs":["https:\/\/www.instagram.com\/urbanproof_sustainable\/","https:\/\/www.linkedin.com\/company\/urban-proof"]}]}},"_links":{"self":[{"href":"https:\/\/urbanproof.nl\/de\/wp-json\/wp\/v2\/product\/3016","targetHints":{"allow":["GET"]}}],"collection":[{"href":"https:\/\/urbanproof.nl\/de\/wp-json\/wp\/v2\/product"}],"about":[{"href":"https:\/\/urbanproof.nl\/de\/wp-json\/wp\/v2\/types\/product"}],"version-history":[{"count":1,"href":"https:\/\/urbanproof.nl\/de\/wp-json\/wp\/v2\/product\/3016\/revisions"}],"predecessor-version":[{"id":6933,"href":"https:\/\/urbanproof.nl\/de\/wp-json\/wp\/v2\/product\/3016\/revisions\/6933"}],"wp:featuredmedia":[{"embeddable":true,"href":"https:\/\/urbanproof.nl\/de\/wp-json\/wp\/v2\/media\/4132"}],"wp:attachment":[{"href":"https:\/\/urbanproof.nl\/de\/wp-json\/wp\/v2\/media?parent=3016"}],"wp:term":[{"taxonomy":"product_brand","embeddable":true,"href":"https:\/\/urbanproof.nl\/de\/wp-json\/wp\/v2\/product_brand?post=3016"},{"taxonomy":"product_cat","embeddable":true,"href":"https:\/\/urbanproof.nl\/de\/wp-json\/wp\/v2\/product_cat?post=3016"},{"taxonomy":"product_tag","embeddable":true,"href":"https:\/\/urbanproof.nl\/de\/wp-json\/wp\/v2\/product_tag?post=3016"}],"curies":[{"name":"wp","href":"https:\/\/api.w.org\/{rel}","templated":true}]}}

<p>Die Double Cargo Bag ist mehr als nur eine Fahrradtasche. Sie ist eine moderne und stilvolle Volumenlösung mit einem authentischen Look. Warum sollten Sie sich mit zusätzlichem Gewicht belasten, wenn Sie sie einfach an Ihrem Fahrrad befestigen können? Die große Vordertasche bietet schnellen Zugriff auf Ihre wichtigsten Utensilien, während der Schnallenverschluss dafür sorgt, dass alles sicher verstaut bleibt.   </p>
<p>Diese Tasche ist für alle gedacht, die nach einer stilvollen und praktischen Möglichkeit suchen, zu pendeln, ohne dabei Kompromisse beim Design einzugehen. Außerdem besteht die Tasche aus 62 recycelten PET-Flaschen (500 ml), so dass Sie den Planeten besser schützen können, ohne auf etwas verzichten zu müssen. Machen Sie sich mit der Double Cargo Bag auf den Weg und zeigen Sie, dass Funktionalität und Design Hand in Hand gehen können.  </p>

<p>  &#8211; Geeignet für E-Bikes<br />
 &#8211; Universelles Gepäckträger-Befestigungssystem<br />
 &#8211; Wasserabweisend<br />
 &#8211; Leicht zugängliche Vordertasche<br />
 &#8211; Reflexion auf der Rückseite</p>

<!-- This site is optimized with the Yoast SEO plugin v27.1.1 - https://yoast.com/product/yoast-seo-wordpress/ -->
<title>URBAN PROOF Doppelte Cargo Fahrradtasche - Urban Proof</title>
<meta name="robots" content="index, follow, max-snippet:-1, max-image-preview:large, max-video-preview:-1" />
<link rel="canonical" href="https://urbanproof.nl/de/product/urban-proof-double-cargo-fahrradtasche-braun/" />
<meta property="og:locale" content="de_DE" />
<meta property="og:type" content="article" />
<meta property="og:title" content="URBAN PROOF Doppelte Cargo Fahrradtasche - Urban Proof" />
<meta property="og:description" content="- Geeignet für E-Bikes - Universelles Gepäckträger-Befestigungssystem - Wasserabweisend - Leicht zugängliche Vordertasche - Reflexion auf der Rückseite" />
<meta property="og:url" content="https://urbanproof.nl/de/product/urban-proof-double-cargo-fahrradtasche-braun/" />
<meta property="og:site_name" content="Urban Proof" />
<meta property="article:modified_time" content="2025-12-03T10:41:27+00:00" />
<meta property="og:image" content="https://urbanproof.nl/wp-content/uploads/2025/04/400725UP_1.jpg" />
	<meta property="og:image:width" content="2047" />
	<meta property="og:image:height" content="2047" />
	<meta property="og:image:type" content="image/jpeg" />
<meta name="twitter:card" content="summary_large_image" />
<meta name="twitter:label1" content="Geschätzte Lesezeit" />
	<meta name="twitter:data1" content="1 Minute" />
<script type="application/ld+json" class="yoast-schema-graph">{"@context":"https://schema.org","@graph":[{"@type":"WebPage","@id":"https://urbanproof.nl/de/product/urban-proof-double-cargo-fahrradtasche-braun/","url":"https://urbanproof.nl/de/product/urban-proof-double-cargo-fahrradtasche-braun/","name":"URBAN PROOF Doppelte Cargo Fahrradtasche - Urban Proof","isPartOf":{"@id":"https://urbanproof.nl/de/#website"},"primaryImageOfPage":{"@id":"https://urbanproof.nl/de/product/urban-proof-double-cargo-fahrradtasche-braun/#primaryimage"},"image":{"@id":"https://urbanproof.nl/de/product/urban-proof-double-cargo-fahrradtasche-braun/#primaryimage"},"thumbnailUrl":"https://urbanproof.nl/wp-content/uploads/2025/04/400725UP_1.jpg","datePublished":"2025-04-14T13:48:05+00:00","dateModified":"2025-12-03T10:41:27+00:00","breadcrumb":{"@id":"https://urbanproof.nl/de/product/urban-proof-double-cargo-fahrradtasche-braun/#breadcrumb"},"inLanguage":"de","potentialAction":[{"@type":"ReadAction","target":["https://urbanproof.nl/de/product/urban-proof-double-cargo-fahrradtasche-braun/"]}]},{"@type":"ImageObject","inLanguage":"de","@id":"https://urbanproof.nl/de/product/urban-proof-double-cargo-fahrradtasche-braun/#primaryimage","url":"https://urbanproof.nl/wp-content/uploads/2025/04/400725UP_1.jpg","contentUrl":"https://urbanproof.nl/wp-content/uploads/2025/04/400725UP_1.jpg","width":2047,"height":2047},{"@type":"BreadcrumbList","@id":"https://urbanproof.nl/de/product/urban-proof-double-cargo-fahrradtasche-braun/#breadcrumb","itemListElement":[{"@type":"ListItem","position":1,"name":"Startseite","item":"https://urbanproof.nl/de/"},{"@type":"ListItem","position":2,"name":"Produktpalette","item":"https://urbanproof.nl/de/shop/"},{"@type":"ListItem","position":3,"name":"URBAN PROOF Doppelte Cargo Fahrradtasche"}]},{"@type":"WebSite","@id":"https://urbanproof.nl/de/#website","url":"https://urbanproof.nl/de/","name":"Urban Proof","description":"Sustainability in Motion","publisher":{"@id":"https://urbanproof.nl/de/#organization"},"potentialAction":[{"@type":"SearchAction","target":{"@type":"EntryPoint","urlTemplate":"https://urbanproof.nl/de/?s={search_term_string}"},"query-input":{"@type":"PropertyValueSpecification","valueRequired":true,"valueName":"search_term_string"}}],"inLanguage":"de"},{"@type":"Organization","@id":"https://urbanproof.nl/de/#organization","name":"Urban Proof","url":"https://urbanproof.nl/de/","logo":{"@type":"ImageObject","inLanguage":"de","@id":"https://urbanproof.nl/de/#/schema/logo/image/","url":"https://urbanproof.nl/wp-content/uploads/2025/04/UBP_Logo_2022_ZWART.svg","contentUrl":"https://urbanproof.nl/wp-content/uploads/2025/04/UBP_Logo_2022_ZWART.svg","caption":"Urban Proof"},"image":{"@id":"https://urbanproof.nl/de/#/schema/logo/image/"},"sameAs":["https://www.instagram.com/urbanproof_sustainable/","https://www.linkedin.com/company/urban-proof"]}]}</script>
<!-- / Yoast SEO plugin. -->

- Geeignet für E-Bikes - Universelles Gepäckträger-Befestigungssystem - Wasserabweisend - Leicht zugängliche Vordertasche - Reflexion auf der Rückseite
